[INFO] fetching crate multistream-select 0.12.1...
[INFO] checking multistream-select-0.12.1 against master#e6e4f7ed1589e03bc2f6c5931c1a72e7947e8682 for beta-170-4
[INFO] extracting crate multistream-select 0.12.1 into /workspace/builds/worker-1-tc2/source
[INFO] validating manifest of crates.io crate multistream-select 0.12.1 on toolchain e6e4f7ed1589e03bc2f6c5931c1a72e7947e8682
[INFO] running `Command { std: CARGO_HOME="/workspace/cargo-home" RUSTUP_HOME="/workspace/rustup-home" "/workspace/cargo-home/bin/cargo" "+e6e4f7ed1589e03bc2f6c5931c1a72e7947e8682" "metadata" "--manifest-path" "Cargo.toml" "--no-deps", kill_on_drop: false }`
[INFO] started tweaking crates.io crate multistream-select 0.12.1
[INFO] finished tweaking crates.io crate multistream-select 0.12.1
[INFO] tweaked toml for crates.io crate multistream-select 0.12.1 written to /workspace/builds/worker-1-tc2/source/Cargo.toml
[INFO] running `Command { std: CARGO_HOME="/workspace/cargo-home" RUSTUP_HOME="/workspace/rustup-home" __CARGO_TEST_CHANNEL_OVERRIDE_DO_NOT_USE_THIS="nightly" "/workspace/cargo-home/bin/cargo" "+e6e4f7ed1589e03bc2f6c5931c1a72e7947e8682" "generate-lockfile" "--manifest-path" "Cargo.toml" "-Zno-index-update", kill_on_drop: false }`
[INFO] [stderr]     Blocking waiting for file lock on package cache
[INFO] running `Command { std: CARGO_HOME="/workspace/cargo-home" RUSTUP_HOME="/workspace/rustup-home" "/workspace/cargo-home/bin/cargo" "+e6e4f7ed1589e03bc2f6c5931c1a72e7947e8682" "fetch" "--manifest-path" "Cargo.toml", kill_on_drop: false }`
[INFO] running `Command { std: "docker" "create" "-v" "/var/lib/crater-agent-workspace/builds/worker-1-tc2/target:/opt/rustwide/target:rw,Z" "-v" "/var/lib/crater-agent-workspace/builds/worker-1-tc2/source:/opt/rustwide/workdir:ro,Z" "-v" "/var/lib/crater-agent-workspace/cargo-home:/opt/rustwide/cargo-home:ro,Z" "-v" "/var/lib/crater-agent-workspace/rustup-home:/opt/rustwide/rustup-home:ro,Z" "-e" "SOURCE_DIR=/opt/rustwide/workdir" "-e" "CARGO_TARGET_DIR=/opt/rustwide/target" "-e" "CARGO_HOME=/opt/rustwide/cargo-home" "-e" "RUSTUP_HOME=/opt/rustwide/rustup-home" "-w" "/opt/rustwide/workdir" "-m" "1610612736" "--user" "0:0" "--network" "none" "ghcr.io/rust-lang/crates-build-env/linux@sha256:19e73879b68f455e41552ea35293514db52ea292d993f571636dbffedb77a1ee" "/opt/rustwide/cargo-home/bin/cargo" "+e6e4f7ed1589e03bc2f6c5931c1a72e7947e8682" "metadata" "--no-deps" "--format-version=1", kill_on_drop: false }`
[INFO] [stdout] 29e62b8d8adbe881be6ea7e6522a3d399541ce94781671ef89c462782cd7e40c
[INFO] running `Command { std: "docker" "start" "-a" "29e62b8d8adbe881be6ea7e6522a3d399541ce94781671ef89c462782cd7e40c", kill_on_drop: false }`
[INFO] running `Command { std: "docker" "inspect" "29e62b8d8adbe881be6ea7e6522a3d399541ce94781671ef89c462782cd7e40c", kill_on_drop: false }`
[INFO] running `Command { std: "docker" "rm" "-f" "29e62b8d8adbe881be6ea7e6522a3d399541ce94781671ef89c462782cd7e40c", kill_on_drop: false }`
[INFO] [stdout] 29e62b8d8adbe881be6ea7e6522a3d399541ce94781671ef89c462782cd7e40c
[INFO] running `Command { std: "docker" "create" "-v" "/var/lib/crater-agent-workspace/builds/worker-1-tc2/target:/opt/rustwide/target:rw,Z" "-v" "/var/lib/crater-agent-workspace/builds/worker-1-tc2/source:/opt/rustwide/workdir:ro,Z" "-v" "/var/lib/crater-agent-workspace/cargo-home:/opt/rustwide/cargo-home:ro,Z" "-v" "/var/lib/crater-agent-workspace/rustup-home:/opt/rustwide/rustup-home:ro,Z" "-e" "SOURCE_DIR=/opt/rustwide/workdir" "-e" "CARGO_TARGET_DIR=/opt/rustwide/target" "-e" "CARGO_INCREMENTAL=0" "-e" "RUST_BACKTRACE=full" "-e" "RUSTFLAGS=--cap-lints=forbid" "-e" "RUSTDOCFLAGS=--cap-lints=forbid" "-e" "CARGO_HOME=/opt/rustwide/cargo-home" "-e" "RUSTUP_HOME=/opt/rustwide/rustup-home" "-w" "/opt/rustwide/workdir" "-m" "1610612736" "--user" "0:0" "--network" "none" "ghcr.io/rust-lang/crates-build-env/linux@sha256:19e73879b68f455e41552ea35293514db52ea292d993f571636dbffedb77a1ee" "/opt/rustwide/cargo-home/bin/cargo" "+e6e4f7ed1589e03bc2f6c5931c1a72e7947e8682" "check" "--frozen" "--all" "--all-targets" "--message-format=json", kill_on_drop: false }`
[INFO] [stdout] 17c9a5cc098c371336ff34df13e94a477b9c911cf2be4cc09992ff5957ac9461
[INFO] running `Command { std: "docker" "start" "-a" "17c9a5cc098c371336ff34df13e94a477b9c911cf2be4cc09992ff5957ac9461", kill_on_drop: false }`
[INFO] [stderr]     Checking futures-io v0.3.28
[INFO] [stderr]    Compiling log v0.4.18
[INFO] [stderr]    Compiling crossbeam-utils v0.8.15
[INFO] [stderr]     Checking value-bag v1.4.0
[INFO] [stderr]     Checking event-listener v2.5.3
[INFO] [stderr]    Compiling syn v2.0.18
[INFO] [stderr]     Checking futures-sink v0.3.28
[INFO] [stderr]     Checking fastrand v1.9.0
[INFO] [stderr]     Checking parking v2.1.0
[INFO] [stderr]     Checking waker-fn v1.1.0
[INFO] [stderr]    Compiling io-lifetimes v1.0.11
[INFO] [stderr]     Checking futures-channel v0.3.28
[INFO] [stderr]     Checking async-lock v2.7.0
[INFO] [stderr]    Compiling polling v2.8.0
[INFO] [stderr]     Checking futures-lite v1.13.0
[INFO] [stderr]    Compiling rustix v0.37.19
[INFO] [stderr]    Compiling async-io v1.13.0
[INFO] [stderr]     Checking concurrent-queue v2.2.0
[INFO] [stderr]     Checking async-task v4.4.0
[INFO] [stderr]     Checking linux-raw-sys v0.3.8
[INFO] [stderr]     Checking async-channel v1.8.0
[INFO] [stderr]     Checking socket2 v0.4.9
[INFO] [stderr]     Checking getrandom v0.2.9
[INFO] [stderr]     Checking atomic-waker v1.1.1
[INFO] [stderr]     Checking aho-corasick v1.0.1
[INFO] [stderr]     Checking ppv-lite86 v0.2.17
[INFO] [stderr]     Checking regex-syntax v0.7.2
[INFO] [stderr]     Checking rand_core v0.6.4
[INFO] [stderr]     Checking kv-log-macro v1.0.7
[INFO] [stderr]     Checking atty v0.2.14
[INFO] [stderr]     Checking unsigned-varint v0.7.1
[INFO] [stderr]     Checking termcolor v1.2.0
[INFO] [stderr]     Checking humantime v2.1.0
[INFO] [stderr]     Checking rand_chacha v0.3.1
[INFO] [stderr]     Checking async-executor v1.5.1
[INFO] [stderr]     Checking blocking v1.3.1
[INFO] [stderr]     Checking rand v0.8.5
[INFO] [stderr]     Checking regex v1.8.3
[INFO] [stderr]     Checking env_logger v0.9.3
[INFO] [stderr]     Checking async-global-executor v2.3.1
[INFO] [stderr]    Compiling futures-macro v0.3.28
[INFO] [stderr]    Compiling pin-project-internal v1.1.0
[INFO] [stderr]     Checking async-std v1.12.0
[INFO] [stderr]     Checking futures-util v0.3.28
[INFO] [stderr]     Checking pin-project v1.1.0
[INFO] [stderr]     Checking futures-executor v0.3.28
[INFO] [stderr]     Checking futures v0.3.28
[INFO] [stderr]     Checking rw-stream-sink v0.3.0
[INFO] [stderr]     Checking multistream-select v0.12.1 (/opt/rustwide/workdir)
[INFO] [stdout] error[E0432]: unresolved import `quickcheck`
[INFO] [stdout]    --> src/length_delimited.rs:393:9
[INFO] [stdout]     |
[INFO] [stdout] 393 |     use quickcheck::*;
[INFO] [stdout]     |         ^^^^^^^^^^ use of undeclared crate or module `quickcheck`
[INFO] [stdout] 
[INFO] [stdout] 
[INFO] [stdout] error[E0432]: unresolved import `quickcheck`
[INFO] [stdout]    --> src/protocol.rs:457:9
[INFO] [stdout]     |
[INFO] [stdout] 457 |     use quickcheck::*;
[INFO] [stdout]     |         ^^^^^^^^^^ use of undeclared crate or module `quickcheck`
[INFO] [stdout] 
[INFO] [stdout] 
[INFO] [stdout] error[E0412]: cannot find type `TestResult` in this scope
[INFO] [stdout]    --> src/length_delimited.rs:493:42
[INFO] [stdout]     |
[INFO] [stdout] 493 |         fn prop(frames: Vec<Vec<u8>>) -> TestResult {
[INFO] [stdout]     |                                          ^^^^^^^^^^ not found in this scope
[INFO] [stdout] 
[INFO] [stdout] 
[INFO] [stdout] error[E0405]: cannot find trait `Arbitrary` in this scope
[INFO] [stdout]    --> src/protocol.rs:460:10
[INFO] [stdout]     |
[INFO] [stdout] 460 |     impl Arbitrary for Protocol {
[INFO] [stdout]     |          ^^^^^^^^^ not found in this scope
[INFO] [stdout] 
[INFO] [stdout] 
[INFO] [stdout] error[E0412]: cannot find type `Gen` in this scope
[INFO] [stdout]    --> src/protocol.rs:461:30
[INFO] [stdout]     |
[INFO] [stdout] 461 |         fn arbitrary(g: &mut Gen) -> Protocol {
[INFO] [stdout]     |                              ^^^ not found in this scope
[INFO] [stdout] 
[INFO] [stdout] 
[INFO] [stdout] error[E0405]: cannot find trait `Arbitrary` in this scope
[INFO] [stdout]    --> src/protocol.rs:472:10
[INFO] [stdout]     |
[INFO] [stdout] 472 |     impl Arbitrary for Message {
[INFO] [stdout]     |          ^^^^^^^^^ not found in this scope
[INFO] [stdout] 
[INFO] [stdout] 
[INFO] [stdout] error[E0412]: cannot find type `Gen` in this scope
[INFO] [stdout]    --> src/protocol.rs:473:30
[INFO] [stdout]     |
[INFO] [stdout] 473 |         fn arbitrary(g: &mut Gen) -> Message {
[INFO] [stdout]     |                              ^^^ not found in this scope
[INFO] [stdout] 
[INFO] [stdout] 
[INFO] [stdout] error[E0433]: failed to resolve: use of undeclared type `TestResult`
[INFO] [stdout]    --> src/length_delimited.rs:529:13
[INFO] [stdout]     |
[INFO] [stdout] 529 |             TestResult::passed()
[INFO] [stdout]     |             ^^^^^^^^^^ use of undeclared type `TestResult`
[INFO] [stdout] 
[INFO] [stdout] 
[INFO] [stdout] error[E0425]: cannot find function `quickcheck` in this scope
[INFO] [stdout]    --> src/length_delimited.rs:532:9
[INFO] [stdout]     |
[INFO] [stdout] 532 |         quickcheck(prop as fn(_) -> _)
[INFO] [stdout]     |         ^^^^^^^^^^ not found in this scope
[INFO] [stdout] 
[INFO] [stdout] 
[INFO] [stdout] error[E0425]: cannot find function `quickcheck` in this scope
[INFO] [stdout]    --> src/protocol.rs:496:9
[INFO] [stdout]     |
[INFO] [stdout] 496 |         quickcheck(prop as fn(_))
[INFO] [stdout]     |         ^^^^^^^^^^ not found in this scope
[INFO] [stdout] 
[INFO] [stdout] 
[INFO] [stdout] error: aborting due to 10 previous errors
[INFO] [stdout] 
[INFO] [stdout] 
[INFO] [stdout] Some errors have detailed explanations: E0405, E0412, E0425, E0432, E0433.
[INFO] [stdout] 
[INFO] [stdout] For more information about an error, try `rustc --explain E0405`.
[INFO] [stdout] 
[INFO] [stderr] error: could not compile `multistream-select` (lib test) due to 11 previous errors
[INFO] [stderr] warning: build failed, waiting for other jobs to finish...
[INFO] running `Command { std: "docker" "inspect" "17c9a5cc098c371336ff34df13e94a477b9c911cf2be4cc09992ff5957ac9461", kill_on_drop: false }`
[INFO] running `Command { std: "docker" "rm" "-f" "17c9a5cc098c371336ff34df13e94a477b9c911cf2be4cc09992ff5957ac9461", kill_on_drop: false }`
[INFO] [stdout] 17c9a5cc098c371336ff34df13e94a477b9c911cf2be4cc09992ff5957ac9461
